?
False
Is 19380525 a multiple of 23?
False
Is 117171744 a multiple of 134?
True
Does 95 divide 5195075?
True
Is 378 a factor of 349749707?
False
Does 607 divide 119841224?
True
Does 25 divide 60897254?
False
Is 47060685 a multiple of 46?
False
Does 209 divide 63944154?
False
Is 7975470 a multiple of 498?
True
Is 1072993402 a multiple of 26?
True
Is 148 a factor of 74136262?
False
Is 100614150 a multiple of 30?
True
Does 123 divide 216174698?
False
Does 2 divide 11557272?
True
Is 100 a factor of 451371200?
True
Does 5 divide 7953465?
True
Does 9 divide 152497026?
True
Does 113 divide 9387588?
True
Does 386 divide 3614589924?
False
Is 29273069 a multiple of 10?
False
Is 6489748 a multiple of 13?
False
Is 23 a factor of 71984114?
False
Is 24 a factor of 56934842?
False
Does 70 divide 206794516?
False
Does 5 divide 2137731352?
False
Does 1366 divide 733487360?
True
Is 64 a factor of 99862954?
False
Is 83394397 a multiple of 1337?
False
Does 526 divide 35719355?
False
Is 1625 a factor of 95152918?
False
Is 18 a factor of 8963902?
False
Does 35 divide 42028458?
False
Is 3690841600 a multiple of 7808?
True
Is 3841 a factor of 711199560?
True
Is 231 a factor of 1824491214?
False
Does 1992 divide 5117867424?
False
Does 52 divide 101304424?
True
Is 1642284456 a multiple of 11?
False
Does 39 divide 8276520?
False
Is 464670745 a multiple of 1045?
True
Is 617 a factor of 74935267?
True
Is 55829997 a multiple of 197?
True
Is 189553619 a multiple of 1432?
False
Does 238 divide 1035724354?
True
Does 293 divide 23755927?
False
Is 5211229 a multiple of 17?
False
Is 835 a factor of 699789122?
False
Is 924 a factor of 109625208?
True
Is 24 a factor of 13704637?
False
Does 14300 divide 949531247?
False
Is 578132852 a multiple of 223?
True
Is 839 a factor of 233975286?
True
Is 120 a factor of 52447334?
False
Is 2032 a factor of 5256301369?
False
Is 55577324 a multiple of 4?
True
Does 50 divide 48767100?
True
Is 47293475 a multiple of 24?
False
Is 1833941168 a multiple of 2768?
True
Does 588 divide 12876024?
True
Is 9 a factor of 2632159011?
False
Is 47182109 a multiple of 104?
False
Is 102 a factor of 52265876?
False
Does 156 divide 227286228?
True
Is 287965176 a multiple of 952?
False
Is 15754533 a multiple of 225?
False
Is 4 a factor of 196324056?
True
Is 596983483 a multiple of 17?
False
Does 170 divide 303329130?
True
Does 75 divide 212277000?
True
Is 49706800 a multiple of 440?
True
Is 70830818 a multiple of 58?
True
Is 95042129 a multiple of 77?
False
Is 412334511 a multiple of 2399?
False
Is 17 a factor of 984534175?
True
Does 127 divide 17132300?
True
Is 487372106 a multiple of 31?
False
Is 116692862 a multiple of 221?
True
Is 2168 a factor of 174827520?
True
Is 10 a factor of 85393540?
True
Does 79 divide 81565156?
False
Is 450 a factor of 47063250?
True
Is 137183846 a multiple of 86?
True
Is 1557859 a multiple of 2?
False
Does 184 divide 5371328?
True
Does 137 divide 2888230724?
False
Is 91302529 a multiple of 352?
False
Is 15 a factor of 136201920?
True
Is 17 a factor of 224828703?
False
Is 34 a factor of 32659590?
False
Is 827614779 a multiple of 37?
True
Is 116492263 a multiple of 909?
False
Is 7431024 a multiple of 82?
False
Is 5551427867 a multiple of 7559?
True
Does 150 divide 2629951412?
False
Is 331213402 a multiple of 915?
False
Does 446 divide 183264968?
True
Is 3463550 a multiple of 50?
True
Is 155 a factor of 649904742?
False
Does 10587 divide 953266189?
False
Does 41 divide 8215761?
False
Is 703472000 a multiple of 2490?
False
Is 4419 a factor of 2167320645?
True
Is 54 a factor of 1569714?
False
Is 3 a factor of 32126295?
True
Is 24 a factor of 4048179?
False
Does 74 divide 43555956?
True
Is 62122454 a multiple of 20?
False
Is 35993608 a multiple of 28?
True
Does 110 divide 1107049790?
True
Is 812866788 a multiple of 142?
True
Is 87 a factor of 550388361?
True
Is 101921484 a multiple of 244?
True
Is 20 a factor of 14287040?
True
Is 4 a factor of 921435?
False
Is 47 a factor of 429956832?
False
Does 33 divide 4900546884?
False
Does 182 divide 33281969?
False
Is 234 a factor of 956237687?
False
Is 79 a factor of 93790984?
False
Does 1360 divide 71147052?
False
Is 13 a factor of 1345518814?
False
Is 45718653 a multiple of 31?
False
Is 2234 a factor of 74173268?
True
Is 45450087 a multiple of 9?
False
Does 301 divide 8910503?
True
Is 1426 a factor of 3613556509?
False
Is 1192 a factor of 77205840?
True
Is 347599305 a multiple of 136?
False
Is 86300900 a multiple of 164?
True
Does 264 divide 40177155?
False
Does 59 divide 2076084212?
True
Is 782136 a multiple of 9?
True
Is 2425 a factor of 665696450?
True
Is 946 a factor of 607578906?
True
Does 319 divide 82944466?
True
Is 34 a factor of 292003424?
True
Is 597606530 a multiple of 314?
False
Does 2084 divide 53156588?
True
Is 3700692 a multiple of 253?
False
Is 36746639 a multiple of 416?
False
Is 1156842159 a multiple of 11?
True
Does 126 divide 28807002?
True
Is 441 a factor of 556560522?
True
Is 4712897 a multiple of 14?
False
Does 9 divide 13296698?
False
Is 662 a factor of 14035902?
False
Does 2561 divide 1423475508?
True
Does 462 divide 298038972?
True
Does 53 divide 1555551126?
False
Does 1910 divide 82648061?
False
Is 150999816 a multiple of 182?
False
Is 2911 a factor of 123220393?
False
Is 86 a factor of 20891980?
True
Is 62505443 a multiple of 1001?
True
Does 227 divide 58164873?
False
Does 107 divide 1545088453?
True
Does 1574 divide 601121618?
True
Is 8 a factor of 5228264?
True
Is 3440 a factor of 293095550?
False
Does 1080 divide 24847971?
False
Does 35 divide 386937320?
True
Is 259630930 a multiple of 2280?
False
Does 19 divide 36296061?
True
Is 254126831 a multiple of 2?
False
Does 6236 divide 509978382?
False
Does 28 divide 9115960?
True
Is 2585 a factor of 6816075?
False
Is 1062784944 a multiple of 6396?
True
Is 320193438 a multiple of 263?
False
Does 7 divide 12378244?
False
Is 32269186 a multiple of 2?
True
Is 689456995 a multiple of 167?
True
Does 704 divide 71925568?
True
Is 1920420 a multiple of 60?
True
Is 1363012896 a multiple of 224?
True
Is 4274489760 a multiple of 20?
True
Does 9 divide 731830779?
True
Does 781 divide 56526437?
True
Is 474 a factor of 4690704?
True
Is 3981326189 a multiple of 88?
False
Is 281911088 a multiple of 464?
True
Is 11 a factor of 536226493?
True
Does 12 divide 55258536?
True
Is 964464 a multiple of 16?
True
Does 34 divide 25313782?
True
Is 2054175435 a multiple of 195?
True
Is 13982257 a multiple of 452?
False
Is 217 a factor of 729279278?
True
Is 131720264 a multiple of 52?
True
Is 1591040532 a multiple of 3418?
False
Does 333 divide 1353102525?
False
Is 64 a factor of 49667328?
True
Is 176765874 a multiple of 9?
False
Does 1354 divide 767083843?
False
Is 245 a factor of 2606243360?
True
Is 119 a factor of 5045719?
True
Is 969 a factor of 71652805?
False
Is 15 a factor of 332483013?
False
Is 73 a factor of 332430977?
True
Does 1200 divide 299567059?
False
Is 1376 a factor of 1523679098?
False
Is 2750 a factor of 116226000?
True
Does 11 divide 1277067?
True
Does 1257 divide 487785135?
True
Is 24 a factor of 323241144?
True
Does 11 divide 1591165284?
False
Is 221900361 a multiple of 430?
False
Does 8 divide 1533095732?
False
Is 137490361 a multiple of 2?
False
Does 140 divide 332863300?
True
Does 260 divide 46779460?
True
Is 172808768 a multiple of 176?
True
Does 1112 divide 632174224?
True
Is 68619498 a multiple of 827?
True
Is 12 a factor of 230485320?
True
Is 115 a factor of 279376055?
True
Does 114 divide 275367240?
False
Is 9 a factor of 1365673576?
False
Is 15904897 a multiple of 14?
False
Does 116 divide 35598428?
True
Does 124 divide 43993092?
True
Does 10 divide 129601161?
False
Does 31 divide 173279024?
False
Does 122 divide 32615114?
True
Is 980265442 a multiple of 494?
True
Is 1262600516 a multiple of 1795?
False
Is 746 a factor of 19409202?
False
Is 23 a factor of 14734996?
True
Does 42 divide 4880607?
False
Is 1833479 a multiple of 5?
False
Is 173 a factor of 151907250?
False
Is 272462196 a multiple of 628?
True
Is 240 a factor of 33320274?
False
Does 109 divide 484819138?
True
Is 1222107300 a multiple of 645?
True
Is 3653593374 a multiple of 10?
False
Does 823 divide 141125571?
True
Is 466229493 a multiple of 1341?
True
Is 